 (-5 - 0).
-4
What is the value of 0 + (-5 - -6 - 5)?
-4
Evaluate (9 - 2) + 6 + -9.
4
Calculate -10 - (-13 + 3 - -6).
-6
Calculate -5 + (-1 - (-5 + 3)).
-4
Calculate 1 + -5 + (1 - (0 + -1)).
-2
Calculate (-45 - -52) + (2 - 14).
-5
What is 6 + (3 - (6 + (2 - 4)))?
5
What is the value of -12 + 2 - (-25 - -21)?
-6
What is the value of 2 + -1 + 0 - 4?
-3
What is (-4 - 0) + (3 - -2)?
1
7 + (-3 - 1) + -8
-5
2 + 0 + (-3 - 3) - -2
-2
What is 1 + (3 - -1) + 1?
6
What is the value of (3 - (-12 + 10)) + -11 + 0?
-6
(-8 - -8) + 5 + -8
-3
What is the value of -3 + (7 - (4 + -1 + 0))?
1
2 + -5 + -8 + 7
-4
What is the value of (6 + -13 + 4 - -5) + 5?
7
Evaluate 1 + -5 + (10 + -10 - -13).
9
What is 0 - (-2 - (-3 + 0))?
-1
4 - 0 - 6 - 1
-3
What is -1 - (-6 + 22 + (8 - 16))?
-9
Calculate 9 + -17 + (4 - -4).
0
What is (2 - -2) + 31 + -29 + -5?
1
What is (-9 - -1 - -23) + -10?
5
(1 - 8) + 0 + (5 - 3)
-5
-1 - (6 - (3 - -3))
-1
What is the value of 0 - (3 + -6 + 0 + 3)?
0
Calculate -5 + (16 - (-6 - -9)).
8
What is 0 + (-2 - 2) - -4?
0
What is the value of (15 - 18) + 11 + (-4 - -2)?
6
What is (-2 - (-8 - -10)) + 10?
6
What is the value of 3 + -1 - -2 - (-1 - 0)?
5
Calculate -6 + 6 + -3 - -6.
3
What is the value of -2 + (7 - (2 - -2))?
1
What is -7 + -16 + 11 - -3?
-9
Evaluate -12 - -12 - (7 - 4).
-3
Evaluate -2 + -1 + 10 + -7.
0
8 - -1 - (-54 - -67)
-4
What is the value of (-6 - -9) + (-6 - (-2 + -4))?
3
What is the value of 2 - ((5 - (2 + 2)) + 2)?
-1
(-7 + 6 - 4) + 3
-2
-3 + -4 - (-4 + 2)
-5
Evaluate 5 + -1 + 0 + -2 + 1.
3
Calculate (4 - (-4 + 6)) + -6.
-4
1 - (-6 - (1 + -3) - -8)
-3
Calculate -5 - (2 - (9 + 3)).
5
Calculate -2 + 2 + (4 - 6).
-2
What is -10 + -4 + 10 - (1 - 4)?
-1
What is the value of 9 - (0 + 7 + -2)?
4
-4 - (-1 - (-5 - -13))
5
Calculate -1 + 0 + -2 + 0 + 10.
7
Evaluate 1 - 0 - (-18 + 18).
1
What is 12 - (-7 + (12 - 2))?
9
What is the value of 9 + -3 + 3 + (-1 - 4)?
4
What is the value of 2 + 0 - (7 - (-5 + 8))?
-2
Evaluate 9 - (23 - (3 - -5)).
-6
-6 + (16 - 2) - 5
3
Calculate (12 - 1) + -7 + 2.
6
Evaluate -7 + 3 + 2 + (-4 - -3).
-3
Calculate (5 - -2) + -11 + -3 - -4.
-3
What is 6 + -2 - (-19 - (-8 + -4))?
11
What is 2 - (2 + 1 + -7)?
6
Evaluate (4 - (7 + -2)) + 3.
2
Calculate 5 - (-1 + 4 - 1).
3
Calculate -5 + -2 + -2 + 8.
-1
What is 4 - (-9 - 1) - 8?
6
What is (3 - 2) + (-1 - (4 - 0))?
-4
-1 + -1 + (3 + -3 - 3)
-5
(-7 - 0) + -2 + 6
-3
What is the value of (-5 + 0 - 1) + 5?
-1
What is -10 + 8 + 17 + -9?
6
What is the value of (55 - 53) + (0 - 1)?
1
1 + 1 - (-11 + 14 + -7)
6
What is 12 - ((-1 - 0) + (24 - 20))?
9
-4 - (3 + -11 - -2)
2
What is 1 + -5 - (16 - 22)?
2
Evaluate 3 + -1 - (13 - 14).
3
(9 - (0 - -10)) + (-7 - 0)
-8
What is 4 + (12 - 8 - (8 - -1))?
-1
Evaluate -2 + -7 + (-7 - -9).
-7
What is -2 + (-9 - -24 - 6)?
7
Calculate 7 + -7 + (9 - 10).
-1
Evaluate -2 + (-8 - -4) + 3.
-3
4 + -1 + -2 + (-1 - -3)
3
What is -9 - (-4 - -8 - 10)?
-3
-5 + (13 - 25 - -11)
-6
Evaluate (-1 - (-4 + 1)) + -6 + 2.
-2
What is 2 - (-3 - 5 - -5)?
5
What is the value of 0 + 0 + (-10 - -10)?
0
What is the value of -7 - ((0 - 4 - 2) + -7)?
6
What is -3 + -2 + 3 + (1 - 2)?
-3
Evaluate -1 - -7 - (1 + 0).
5
(-6 - -3) + 1 - (3 + -2)
-3
Calculate (3 - 4 - -1) + 4.
4
What is the value of (-6 - 3 - -3) + 3?
-3
Evaluate 2 + -3 + 4 + 1 + -6.
-2
What is (7 - 1) + (0 - (3 + 1))?
2
What is (-9 - -3 - -4) + 3 - 1?
0
What is 5 + -5 + 3 + -1?
2
Evaluate -8 + 10 + (-2 - -4) + -3.
1
Calculate -3 - (4 + -4 + -1 + -1).
-1
Calculate (14 - 2) + 0 + -6 + 0.
6
Calculate 3 + -14 + 6 + -1.
-6
Calculate 1 - 8 - (-7 - -10 - 5).
-5
-2 + (4 - 4) + -1
-3
Evaluate 3 + -5 + -5 + 4.
-3
4 - (-1 - (-2 - (-7 + 3)))
7
What is the value of -2 + (6 - 3) + -2?
-1
What is the value of 6 - (6 - ((1 - -5) + 1))?
7
Evaluate 11 + (-29 + -2 - -10).
-10
(-9 - -3) + 15 + -8
1
What is -4 + 2 + (-3 - 1) + 4?
-2
What is 0 + 0 - (-22 - -20)?
2
Evaluate -18 - -13 - (-2 - 7).
4
Calculate 1 - ((-7 - -5) + 4).
-1
-1 - (5 + -8 + (2 - 2))
2
Calculate 6 - (2 + 1 - -2).
1
Evaluate -3 + (1 - 6 - -2).
-6
Calculate (1 - 19) + (-33 - -44).
-7
What is -9 + 6 + 5 + -4 + 1?
-1
What is (-7 - 0) + (-16 - -49 - 18)?
8
What is 3 - (8 + -6 + 0)?
1
Calculate -2 - -13 - (-7 - -12).
6
-2 + 7 + (3 - 9)
-1
What is the value of -6 + 1 + (2 - 1) - -1?
-3
Evaluate -7 + 4 + 0 - 2.
-5
Evaluate -2 + -1 + 5 + 1.
3
Evaluate -4 - (9 + -18 + 9 + -10).
6
Evaluate 3 - (-1 + 0) - 0.
4
(7 - -4 - 5) + -11
-5
-3 + -5 + (3 - 0) + 5
0
What is the value of -1 + -3 - (19 + -23)?
0
(-5 - -1) + -18 + 17 + -2
-7
Calculate 18 - ((-1 - 5) + 18).
6
100 + -106 - (0 - (-2 + 7))
-1
Evaluate (-4 - -2 - (0 - -3)) + 1.
-4
Evaluate -2 + -2 + (-2 - (-1 - -1)).
-6
What is the value of 0 + (-6 - -5) + 6?
5
What is the value of 7 - (6 + (4 - 5 - -8))?
-6
What is 3 - -1 - (-11 - -11)?
4
Calculate 2 + -4 + 0 + 5.
3
Evaluate 2 + 2 + -6 + 6.
4
Evaluate 1 + -1 + 2 - 6 - -4.
0
5 - (-3 + -1 + 7)
2
Calculate -60 + 79 + 1 + -16.
4
2 - 4 - 2 - (-11 + 2)
5
What is (-6 - (2 - 3)) + 9?
4
Calculate -16 + (-4 - (14 + -26)).
-8
What is 9 + (-1 - 0) + (0 - 2)?
6
Evaluate (5 - 0) + (-140 - -134).
-1
What is the value of 5 - (2 + 1 + 0) - 0?
2
Evaluate -8 + -1 + (-6 - -11).
-4
9 + 0 + 78 + -89
-2
-3 - ((0 - 2) + (22 - 18))
-5
Evaluate (-6 - 0) + -10 + 2 + 9.
-5
What is 9 + 7 + -19 - (-8 - -1)?
4
1 - -1 - ((4 - 3) + 0)
1
28 + (-37 - -11) + 1 + -3
0
What is the value of (-2 - -1) + (12 - (18 - 11))?
4
What is the value of -3 - -6 - 0 - 1?
2
0 - (-8 + 7 - 1)
2
Evaluate -4 - (5 - 3 - 3).
-3
What is 7 + -3 + (1 - 4)?
1
Evaluate -4 + 4 + (2 - (3 + 0)).
-1
0 + -1 + (-18 - -15)
-4
Evaluate -1 + -12 + (5 - -1).
-7
Calculate -5 + 1 + -7 + 7.
-4
What is the value of 3 - ((-6 - 1 - -4) + 8)?
-2
What is 4 + -3 + -6 + (3 - -3)?
1
3 + (-1 - 0) + -3
-1
Calculate 0 + (-2 - (-2 - -3) - -2).
-1
Calculate -7 + 11 + -4 - (2 - 3).
1
Calculate -4 + 1 + -4 + 3.
-4
8 + (12 - (12 - -4))
4
Evaluate 3 - (-3 + 5 - -4).
-3
Evaluate (-3 - (4 - 8) - -2) + -5.
-2
Evaluate 9 + -18 - (1 + -2) - -6.
-2
Evaluate 4 - (0 - (-3 + -2) - 6).
5
1 + 10 + -10 + 0 + -7
-6
Evaluate 0 + 10 + -4 + -2 + 4.
8
3 + -8 - (-11 - (-11 - -3))
-2
Calculate 5 + (2 - (7 + -5)) - -2.
7
(-3 - -8) + (-1 + 2 - 5)
1
Calculate (0 - -3 - (-1 + 4)) + -1.
-1
What is -1 + (11 - (7 + -3 + 0))?
6
What is the value of -5 - (-1 + 4 + -15)?
7
What is the value of 5 + (-7 - (1 - -5))?
-8
What is 3 + -6 + 1 + 4?
2
What is the value of (4 - (4 - (4 - 2))) + -5?
-3
What is (2 - 14) + 4 + 1 - -12?
5
What is the value of 0 - (10 - (-10 + 22))?
2
4 - -1 - (4 + (-9 - -15))
-5
-15 + -6 + 7 - -12
-2
What is the value of 11 + (-10 - (4 + 6))?
-9
Calculate 2 + -6 + 0 + 2 + -1.
-3
What is -8 + 2 - (5 + -7 + 5)?
-9
Calculate (0 - -3 - -1) + (11 - 14).
1
What is 0 + (8 - (-6 + 10))?
4
What is 4 + 0 + 1 + 0?
5
Calculate -11 + (11 - 8) + 3.
-5
Calculate (-1 - (0 - 2) - 5) + 2.
-2
10 - (-4 + 4 + 5)
5
Calculate -21 + (-14 - -34 - 6).
-7
Evaluate 0 + (-2 - (-2 - 1)).
1
What is the value of 3 - -3 - (14 + -2)?
-6
What is the value of (2 - 11) + (-58 - -75)?
8
Evaluate 1 - (-1 - -4) - (2 - 6).
2
Evaluate -3 - (-14 - (-22 + 3)).
-8
Calculate 1 + (-4 - 0) + 1 + -2.
-4
Calculate (-1 - -6) + -4 + 1.
2
What is -6 + 12 + -4 - (-3 - 0)?
5
Evaluate -4 + 0 + -2 + 3.
-3
5 + (19 - 10) + -13
1
Evaluate (-3 - -1) + -8 + (2 - -3).
-5
-12 + -14 + 7 + 15 + 1
-3
Evaluate -4 + (1 - (1 - (2 + -7))).
-9
What is 7 + -4 + -6 + 3 - -5?
5
Calculate -2 + 1 - (-14 + 11 + 0).
2
(3 - -3) + 0 - 1
5
0 + 1 - (23 - 14)
-8
-13 + (3 + -12 - (-11 - 4))
-7
(-3 - (3 - (3 + -6))) + 3
-6
Evaluate (4 - 1) + 2 - -4 - 6.
3
Calculate (0 - (6 - 13)) + -3.
4
What is the value of (0 - (-1 + 0 - -4)) + 0?
-3
What is the value of 3 - (-4 + 11 - 8)?
4
Evaluate (-5 - -6) + 0 + -5.
-4
Evaluate 0 + (6 + -1 - 3) + 3.
5
(-5 - -10) + (14 + -7 - 4)
8
What is 5 + -9 + (1 - -5)?
2
Calculate -3 + 0 + 6 + 2.
5
Calculate (0 - -3 - 5) + (-4 - -1).
-5
What is -7 - ((1 + 4 - 22) + 4)?
6
What is the value of 0 + (14 - 11) + (1 - -1)?
5
Evaluate 1 + -3 - ((1 - 1) + -1).
-1
Evaluate -7 + 1 - -5 - (4 - 12).
7
What is the value of 4 + (6 - 14) + 5?
1
What is the value of -4 - (-8 + 1 + 1) - -3?
5
What is -2 + -4 + 2 + -1?
-5
What is (3 - 0) + -2 + 3?
4
What is (-4 - -8) + (0 - 4) + -2?
-2
Evaluate 83 + -80 + (-8 - -1).
-4
What is 22 + -20 + 14 + -1 + -6?